*h**2 - 42*h - 50. Calculate m(-25).
-250
Let o(t) = -54*t - 408. Determine o(-9).
78
Let l(d) = 163*d + 6186. Determine l(-38).
-8
Let o(v) = 17*v**2 - 103*v + 83. Determine o(5).
-7
Let q(u) = -u**3 - 2*u**2 + 37*u - 37. Determine q(6).
-103
Let b(j) = -2*j**3 - 19*j**2 + 22*j + 4. Give b(-11).
125
Let d(w) = -2*w**3 + 6*w**2 + 7*w - 16. Determine d(5).
-81
Let s(l) = l**2 - 3*l - 15. Calculate s(4).
-11
Let z(l) = -5*l**2 + 8*l + 230. Determine z(-10).
-350
Let c(z) = z**3 + 31*z**2 - z - 72. Give c(-31).
-41
Let p(m) = -m**2 - 32*m - 119. Calculate p(-18).
133
Let g(q) = -5*q**3 + 65*q**2 - 4*q + 50. Calculate g(13).
-2
Let z(y) = -5*y**2 + 105*y + 763. Calculate z(-8).
-397
Let o(t) = 58*t + 1441. Give o(-25).
-9
Let x(o) = 112*o**2 - 1339*o - 61. Give x(12).
-1
Let o(d) = -344*d + 1701. What is o(5)?
-19
Let h(j) = -17*j**2 - 224*j - 29. Give h(-13).
10
Let k(s) = -3*s - 79. Give k(-21).
-16
Let j(r) = -82*r + 4167. What is j(51)?
-15
Let b(c) = 16*c - 394. Give b(21).
-58
Let s(h) = -9*h**2 - 267*h + 212. What is s(-30)?
122
Let o(q) = -270*q - 1605. What is o(-6)?
15
Let a(o) = -21*o + 217. Calculate a(7).
70
Let q(u) = 101*u + 14640. Give q(-145).
-5
Let n(u) = -u**2 + 66*u - 557. Determine n(59).
-144
Let q(v) = 7*v**2 - 54*v + 37. Calculate q(10).
197
Let x(p) = -305*p + 30826. Calculate x(101).
21
Let q(a) = -166*a - 1065. Give q(-6).
-69
Let k(a) = -a**3 - 13*a**2 + 4*a - 9. Give k(-13).
-61
Let f(b) = 19*b - 913. What is f(47)?
-20
Let x(b) = -16*b - 89. Determine x(-4).
-25
Let r(i) = 2769*i - 16631. Calculate r(6).
-17
Let w(k) = 153*k - 2731. Determine w(17).
-130
Let t(n) = -55*n**2 - 265*n + 45. Give t(-5).
-5
Let i(q) = -q**3 - 9*q**2 + 55*q + 214. Give i(-12).
-14
Let t(o) = -71*o**2 + 38*o - 111. Determine t(3).
-636
Let b(a) = a**3 - 6*a**2 - 273*a - 145. What is b(20)?
-5
Let o(l) = 3*l + 11. Give o(4).
23
Let i(h) = -h**3 + 17*h**2 - 15*h + 2. Calculate i(18).
-592
Let i(b) = -2*b**3 - 14*b**2 + 111*b + 72. What is i(-12)?
180
Let w(m) = -m**3 + 7*m**2 + 8*m - 4. Calculate w(8).
-4
Let k(f) = f**2 - 19*f + 125. Calculate k(14).
55
Let a(y) = y**2 + 117*y + 3366. Give a(-52).
-14
Let q(a) = a**3 - 69*a**2 - 452*a + 150. Give q(75).
0
Let d(j) = j**3 - 14*j**2 + 21*j - 264. Determine d(14).
30
Let o(d) = 206*d + 2723. Determine o(-13).
45
Let p(o) = -2*o**2 - 137*o - 1888. Calculate p(-49).
23
Let t(g) = -g**3 + 23*g**2 - 3*g + 65. Determine t(23).
-4
Let x(a) = 101*a + 1206. Calculate x(-12).
-6
Let t(l) = -2*l**3 - 2*l**2 - 5*l - 10. Give t(-5).
215
Let x(q) = 7*q**3 - 10*q**2 - 18. What is x(4)?
270
Let f(i) = -i**2 - 55*i + 140. Determine f(-58).
-34
Let r(k) = -17*k**2 - 370*k - 24. What is r(-19)?
869
Let n(k) = 30*k**3 - 809*k**2 - 33*k + 159. Give n(27).
-3
Let x(l) = 73*l + 2155. Give x(-30).
-35
Let k(d) = -d**3 - 162*d**2 - 154*d + 1116. Determine k(-161).
-11
Let f(r) = -41*r**2 - 989*r - 115. Calculate f(-24).
5
Let i(q) = q**3 - 70*q**2 + 124*q + 811. Calculate i(68).
-5
Let m(g) = g**3 + 17*g**2 - 115*g - 2096. Give m(-16).
0
Let x(t) = -t**2 - 9*t - 48. Calculate x(0).
-48
Let u(r) = -9*r + 551. What is u(56)?
47
Let g(f) = 62*f**2 - 2100*f - 300. What is g(34)?
-28
Let h(n) = 121*n + 12. What is h(0)?
12
Let g(q) = -4*q**3 - 5*q**2 + 9*q + 106. Calculate g(-4).
246
Let w(a) = a**3 + 13*a**2 + 2*a - 75. What is w(-9)?
231
Let v(q) = -7*q - 7. Determine v(-1).
0
Let h(z) = 2*z**3 - 12*z**2 + 20*z - 3. Give h(7).
235
Let y(u) = u**3 - 8*u**2 + 126*u + 444. Give y(-3).
-33
Let a(g) = -g**3 - 10*g**2 - 40*g - 488. Give a(-11).
73
Let o(v) = v**3 - 18*v**2 - 100*v - 58. Calculate o(-4).
-10
Let a(n) = -n**2 + 59*n - 802. What is a(31)?
66
Let f(n) = -2*n**3 + 82*n**2 - 77*n - 71. Calculate f(40).
49
Let z(w) = 24*w**3 - 120*w**2 - 18*w + 96. Calculate z(5).
6
Let l(a) = -13*a**3 + 51*a**2 - 262*a + 1054. Determine l(4).
-10
Let w(p) = -153*p + 456. Determine w(3).
-3
Let y(w) = -11*w - 192. Calculate y(-15).
-27
Let j(o) = 2*o**3 - 20*o**2 - 8*o + 42. Determine j(10).
-38
Let r(p) = -p**3 + 28*p**2 - 118*p + 1068. What is r(25)?
-7
Let h(u) = -10*u**2 + 19*u + 9. Calculate h(4).
-75
Let p(a) = -134*a**2 - 407*a + 2. Determine p(-3).
17
Let z(i) = -i**3 - 74*i**2 + 315*i + 231. Give z(-78).
-3
Let g(r) = -5*r**2 - 413*r - 2148. What is g(-77)?
8
Let l(w) = -1955*w - 7809. Give l(-4).
11
Let n(w) = 23*w + 193. Give n(-10).
-37
Let i(l) = -20*l - 60. Determine i(16).
-380
Let d(v) = -185*v - 189. Give d(-1).
-4
Let w(f) = f**3 + 18*f**2 - 76*f - 42. Determine w(-22).
-306
Let w(c) = 117*c + 1143. What is w(-6)?
441
Let u(c) = 36*c - 4868. Calculate u(135).
-8
Let r(k) = -2*k**3 + 139*k**2 + 79*k - 634. Give r(70).
-4
Let r(a) = a**3 - 7*a**2 - 13*a + 78. Determine r(5).
-37
Let y(q) = -q**3 - 36*q**2 + 523*q + 328. Give y(-47).
46
Let x(y) = y**3 - 34*y**2 + 17*y + 513. Calculate x(33).
-15
Let q(k) = -k**3 + 9*k**2 - 61*k + 579. What is q(9)?
30
Let k(d) = d**3 + 5*d**2 - 25*d - 47. Determine k(-8).
-39
Let r(a) = 3*a**2 - 40*a + 73. Calculate r(10).
-27
Let n(v) = -v**3 + 137*v**2 + 565*v - 141. What is n(141)?
0
Let d(y) = -62*y**2 + 9*y + 10. Determine d(-1).
-61
Let x(i) = -3113*i + 6227. Calculate x(2).
1
Let a(u) = -713*u - 5711. Determine a(-8).
-7
Let u(f) = -3*f**3 + 19*f**2 + f + 26. Give u(8).
-286
Let s(p) = -p**3 - 5*p**2 + 25*p + 86. Give s(-7).
9
Let u(d) = -3*d**3 - 16*d**2 + 21*d + 87. Give u(-5).
-43
Let o(i) = -i**2 + 129*i + 7. Give o(0).
7
Let m(h) = h**3 + 11*h**2 + 15*h - 1. Give m(-5).
74
Let t(h) = -h - 26. Determine t(9).
-35
Let m(a) = 81*a - 216. Calculate m(0).
-216
Let q(x) = 723*x + 10849. Give q(-15).
4
Let z(h) = -2*h**2 + 15*h + 80. Give z(10).
30
Let s(t) = 8*t**2 + 29*t - 281. Give s(11).
1006
Let h(u) = 14*u - 20. Determine h(-2).
-48
Let y(x) = -395*x + 384. Give y(1).
-11
Let m(y) = 6*y**2 - 399*y - 216. What is m(67)?
-15
Let m(s) = 2*s**3 + 23*s**2 - 191*s - 70. Determine m(-17).
-2
Let j(q) = q**3 - 12*q**2 - 47*q + 26. What is j(15)?
-4
Let y(w) = -20*w**2 + 681*w - 32. Calculate y(34).
2
Let o(b) = 627*b + 2504. Give o(-4).
-4
Let p(c) = -c**3 + 41*c**2 - 239*c + 6260. What is p(39)?
-19
Let s(j) = -j**3 - 23*j**2 + 78*j - 5. Calculate s(-26).
-5
Let p(f) = -2*f**2 - 203*f + 8874. What is p(33)?
-3
Let h(w) = -44*w - 742. What is h(-19)?
94
Let u(f) = -13*f**2 + 5*f + 122. Determine u(-3).
-10
Let a(n) = 321*n + 86022. Calculate a(-268).
-6
Let j(p) = -70*p - 1406. Give j(-15).
-356
Let z(s) = s**3 - 20*s**2 + 22*s + 12. Give z(19).
69
Let u(g) = 3*g**3 - 7*g**2 + 19*g - 87. What is u(5)?
208
Let t(l) = 3*l**2 + 230*l - 243. What is t(-78)?
69
Let c(h) = -22*h**2 - 71*h - 267. Give c(-4).
-335
Let w(h) = 26*h**3 - 5*h**2 - 12*h - 7. Determine w(-1).
-26
Let b(j) = 97*j + 22. Calculate b(2).
216
Let h(f) = -f**3 - 39*f**2 - 75*f - 63. Calculate h(-37).
-26
Let j(d) = d**3 - 21*d**2 - d + 20. Determine j(21).
-1
Let n(x) = 2*x**3 - 70*x**2 + 68*x + 14. Give n(34).
14
Let p(c) = -c**2 + 65*c + 841. What is p(74)?
175
Let y(o) = 222*o + 339. Determine y(-3).
-327
Let t(q) = -4*q**2 - 11*q + 9. Determine t(-5).
-36
Let c(j) = 35*j - 569. Determine c(13).
-114
Let k(s) = 7*s**2 - s + 40. Calculate k(0).
40
Let b(l) = 128*l**2 + 11*l - 10. Calculate b(1).
129
Let h(s) = -4*s**3 - 48*s**2 + s + 23. Determine h(-12).
11
Let s(v) = 116*v - 1031. What is s(8)?
-103
Let p(j) = -936*j - 6546. Calculate p(-7).
6
Let v(c) = 2*c**2 - 87*c + 595. What is v(7)?
84
Let o(j) = j**2 - 58*j + 818. Determine o(35).
13
Let q(r) = -74*r - 400. Give q(-6).
44
Let r(h) = 2*h**3 + 3*h**2 - 4*h - 1. Determine r(-6).
-301
Let i(u) = -622*u - 11277. Calculate i(-18).
-81
Let p(m) = -24*m + 281. What is p(10)?
41
Let r(b) = b**3 - 44*b**2 + 223*b + 39. Determine r(38).
-151
Let k(s) = 15*s + 60. Determine k(6).
150
Let i(m) = m**3 + 13*m**2 + 8*m. What is i(-11)?
154
Let i(o) = o**2 + 412*o + 4431. Calculate i(-11).
20
Let p(g) = -24*g - 1021. Calculate p(-43).
11
Let p(q) = -1016*q - 9125. Determine p(-9).
19
Let x(i) = -2*i**3 + 181*i**2 + 277*i - 107. What is x(92)?
-15
Let h(a) = a**2 + 48*a + 592. Determine h(-24).
16
Let g(q) = -7*q**2 - 194*q + 960. What is g(-32)?
0
Let o(f) = f**2 + 285*f + 10595. Calculate o(-44).
-9
Let i(z) = 138*z + 176. Give i(2).
452
Let t(u) = u**3 - 5*u**2 - 76*